03448 a multiple of 12?
True
Does 30 divide 559763?
False
Does 177 divide 44833?
False
Is 1545804 a multiple of 26?
True
Is 655891 a multiple of 105?
False
Is 6 a factor of 65784?
True
Is 180 a factor of 318694?
False
Is 10 a factor of 6177?
False
Is 14 a factor of 675836?
True
Does 86 divide 293346?
True
Does 127 divide 8745855?
True
Does 388 divide 5720284?
True
Is 5770371 a multiple of 10?
False
Is 70 a factor of 405510?
True
Does 57 divide 127255?
False
Does 862 divide 3715220?
True
Is 6 a factor of 5740954?
False
Is 31 a factor of 2086531?
False
Is 92800 a multiple of 16?
True
Is 26911 a multiple of 22?
False
Is 6809354 a multiple of 499?
True
Is 35 a factor of 306850?
False
Is 169 a factor of 863037?
False
Is 1120779 a multiple of 33?
True
Is 22 a factor of 1870547?
False
Is 140 a factor of 7115132?
False
Does 338 divide 2365467?
False
Does 3 divide 85369?
False
Is 86092 a multiple of 146?
False
Does 49 divide 331240?
True
Does 686 divide 192766?
True
Does 5 divide 22392?
False
Does 822 divide 15447024?
True
Is 1578104 a multiple of 44?
True
Does 270 divide 1389420?
True
Does 59 divide 2786511?
True
Does 363 divide 1849485?
True
Does 3 divide 30951?
True
Does 12 divide 220692?
True
Does 102 divide 267750?
True
Is 2185812 a multiple of 1332?
True
Does 80 divide 405520?
True
Is 401557 a multiple of 515?
False
Is 9 a factor of 514302?
False
Is 61 a factor of 61595?
False
Is 12 a factor of 61008?
True
Is 8 a factor of 282540?
False
Is 1197228 a multiple of 76?
True
Does 36 divide 5489352?
True
Is 58134 a multiple of 88?
False
Is 684 a factor of 1750498?
False
Is 5385044 a multiple of 985?
False
Is 150816 a multiple of 3?
True
Does 13 divide 26644072?
True
Is 309728 a multiple of 90?
False
Is 621 a factor of 509841?
True
Is 160523 a multiple of 333?
False
Does 221 divide 785434?
True
Is 95 a factor of 6686470?
False
Is 559 a factor of 3997409?
True
Does 45 divide 377517?
False
Is 5 a factor of 820605?
True
Is 3 a factor of 858378?
True
Does 36 divide 889992?
True
Is 18 a factor of 10601514?
True
Is 204413 a multiple of 347?
False
Is 1926690 a multiple of 53?
False
Is 247 a factor of 4087486?
False
Is 30688548 a multiple of 33?
True
Does 3 divide 44838?
True
Is 137 a factor of 281809?
True
Is 40 a factor of 548918?
False
Is 14 a factor of 272972?
True
Does 1027 divide 2406029?
False
Does 19 divide 1001996?
False
Does 113 divide 24870283?
True
Is 1559660 a multiple of 1544?
False
Is 1622651 a multiple of 859?
True
Does 28 divide 1854608?
True
Is 10683765 a multiple of 160?
False
Does 44 divide 55836?
True
Is 4199544 a multiple of 136?
True
Does 11 divide 18122?
False
Is 436043 a multiple of 8?
False
Is 17 a factor of 24089214?
False
Is 218185 a multiple of 496?
False
Is 14 a factor of 503160?
True
Is 62 a factor of 9672?
True
Is 24 a factor of 712637?
False
Does 150 divide 154392?
False
Is 206 a factor of 1058020?
False
Is 410 a factor of 8197950?
True
Is 442883 a multiple of 151?
True
Is 271 a factor of 1355?
True
Is 91243 a multiple of 90?
False
Is 12 a factor of 1026672?
True
Is 355950 a multiple of 450?
True
Is 8594095 a multiple of 367?
False
Does 45 divide 7574535?
True
Is 13438 a multiple of 10?
False
Is 5 a factor of 251151?
False
Does 119 divide 13807451?
True
Does 161 divide 281106?
True
Is 40 a factor of 620485?
False
Is 103 a factor of 4109432?
False
Is 42 a factor of 74070?
False
Does 25 divide 49454?
False
Does 66 divide 13068?
True
Does 4 divide 1113760?
True
Does 62 divide 113274?
True
Does 289 divide 13853549?
False
Does 271 divide 8228580?
False
Does 74 divide 11712054?
True
Does 205 divide 945270?
False
Is 1132240 a multiple of 39?
False
Does 273 divide 9414842?
False
Is 7 a factor of 83224?
False
Is 893800 a multiple of 328?
True
Does 57 divide 179835?
True
Is 286 a factor of 96096?
True
Is 8 a factor of 233096?
True
Is 4335088 a multiple of 43?
True
Does 5 divide 1129004?
False
Is 154 a factor of 173558?
True
Is 26 a factor of 127634?
True
Is 11578809 a multiple of 627?
True
Is 83 a factor of 257602?
False
Does 609 divide 5471865?
True
Is 581 a factor of 155708?
True
Is 18 a factor of 837997?
False
Does 562 divide 1340370?
True
Does 49 divide 36467?
False
Is 254 a factor of 327152?
True
Is 32748 a multiple of 29?
False
Is 227321 a multiple of 103?
True
Is 302 a factor of 1609313?
False
Does 4 divide 47411?
False
Is 212 a factor of 4240?
True
Is 22421 a multiple of 290?
False
Is 48664 a multiple of 10?
False
Is 180378 a multiple of 535?
False
Does 11 divide 307702?
False
Is 4 a factor of 4709?
False
Is 22 a factor of 6733760?
True
Is 34 a factor of 301093?
False
Does 14 divide 1204952?
True
Is 111 a factor of 2795535?
True
Is 306 a factor of 629174?
False
Is 462 a factor of 10604387?
False
Is 98 a factor of 453603?
False
Is 1081 a factor of 2384686?
True
Does 51 divide 125376?
False
Does 57 divide 232087?
False
Is 60282 a multiple of 17?
True
Is 1117927 a multiple of 20?
False
Does 218 divide 125587?
False
Is 163494 a multiple of 62?
True
Does 649 divide 609411?
True
Is 16 a factor of 44960?
True
Does 137 divide 36976300?
True
Does 6 divide 22038?
True
Does 45 divide 737087?
False
Does 357 divide 1560804?
True
Is 303726 a multiple of 454?
True
Is 672 a factor of 2733487?
False
Is 3047642 a multiple of 23?
False
Is 596 a factor of 811752?
True
Does 424 divide 936033?
False
Is 4787652 a multiple of 41?
True
Is 1203 a factor of 2355870?
False
Is 29 a factor of 86768?
True
Is 17 a factor of 2410671?
False
Is 237 a factor of 596529?
True
Is 133890 a multiple of 30?
True
Is 36 a factor of 305928?
True
Is 94 a factor of 4500138?
False
Does 299 divide 58958?
False
Is 24 a factor of 23664?
True
Is 23 a factor of 248354?
True
Does 13 divide 69537?
True
Is 93 a factor of 4488020?
False
Is 950 a factor of 3549200?
True
Does 9 divide 9720?
True
Is 5 a factor of 341315?
True
Does 10 divide 1643530?
True
Is 22 a factor of 735592?
True
Is 184 a factor of 7120064?
True
Is 2 a factor of 50006?
True
Is 96 a factor of 53298?
False
Is 36 a factor of 13087330?
False
Is 947195 a multiple of 134?
False
Is 20 a factor of 8237000?
True
Is 715497 a multiple of 363?
False
Is 16 a factor of 57984?
True
Is 228 a factor of 3393112?
False
Is 1576200 a multiple of 57?
False
Is 6337348 a multiple of 386?
True
Is 24565 a multiple of 8?
False
Is 39 a factor of 2783?
False
Is 30 a factor of 106165?
False
Is 1825643 a multiple of 379?
True
Is 4 a factor of 956713?
False
Is 40 a factor of 1361800?
True
Is 1105731 a multiple of 17?
True
Is 654360 a multiple of 120?
True
Does 88 divide 177760?
True
Does 236 divide 326663?
False
Does 134 divide 11203271?
False
Does 348 divide 6836460?
True
Is 139 a factor of 9700393?
True
Is 39 a factor of 37089?
True
Does 5 divide 294872?
False
Does 9 divide 3625077?
False
Is 16 a factor of 489203?
False
Does 695 divide 636227?
False
Is 3913500 a multiple of 100?
True
Is 58242 a multiple of 14?
False
Is 1256622 a multiple of 38?
True
Does 7 divide 10221?
False
Does 34 divide 2147998?
False
Is 11 a factor of 166060?
False
Is 504517 a multiple of 197?
True
Is 27782 a multiple of 58?
True
Is 203400 a multiple of 19?
False
Is 8371 a multiple of 4?
False
Is 7 a factor of 5777185?
False
Is 396 a factor of 1474704?
True
Is 9724 even?
True
Does 50 divide 2800?
True
Is 5845284 a multiple of 54?
True
Is 58 a factor of 1040404?
True
Is 15951295 a multiple of 283?
True
Does 12 divide 439920?
True
Is 1451109 a multiple of 133?
False
Is 275 a factor of 69025?
True
Does 17 divide 14492432?
True
Is 50220 a multiple of 48?
False
Does 166 divide 993093?
False
Is 1757562 a multiple of 811?
False
Is 214355 a multiple of 215?
True
Does 4 divide 57386?
False
Does 351 divide 4499118?
True
Does 31 divide 214923?
True
Is 13 a factor of 1534020?
False
Is 100583 a multiple of 7?
True
Does 35 divide 1003310?
True
Does 2 divide 955935?
False
Is 53 a factor of 59201?
True
Does 447 divide 4736764?
False
Is 131682 a multiple of 17?
True
Is 5992721 a multiple of 42?
False
Does 662 divide 6330706?
True
Is 119534 a multiple of 161?
False
Is 1357552 a multiple of 119?
True
Is 142 a factor of 1207220?
False
Does 91 divide 365729?
True
Does 26 divide 7434856?
True
Is 4 a factor of 191321?
False
Does 442 divide 216787?
False
Is 714093 a multiple of 81?
False
Is 490